180*w + 179*w = 2156700. Is v prime?
True
Suppose -3*c + 4*h = -0*c + 24, -5*c - 63 = h. Is ((-21213)/c)/((-9)/(-36)) prime?
False
Let m = 62 - 57. Suppose 5*s + 4*n = 2*n + 2, 0 = s - m*n + 5. Suppose s*h = -3*q + 4*h + 1511, -2565 = -5*q - 5*h. Is q a composite number?
False
Suppose 0 = -3*y + 5*p, 5*y = 6*y - 3*p. Suppose 7*r - 400 - 2953 = y. Is r composite?
False
Let s = 188 + -181. Let f(t) = 69*t + 16. Is f(s) a composite number?
False
Let b(z) = 4*z**3 + 4*z**2 + 3*z + 1. Let r be b(-2). Is 210 - (6/9)/((-14)/r) composite?
True
Let y = 32 + -114. Let a = y + 82. Suppose a = -13*f + 17*f - 5176. Is f a composite number?
True
Let y(l) = 2935*l - 8. Let q be y(1). Suppose 3*f - 6 = f - n, -4*f - 4*n + 12 = 0. Suppose 2935 = 4*h + 3*o, f*o = 4*h - 2*o - q. Is h composite?
False
Suppose 241*b - 230*b - 498289 = 0. Is b a prime number?
False
Let x = -1641 - -462. Let c = 32 - x. Is c a prime number?
False
Let k = 190965 + -4588. Is k prime?
True
Suppose j - 4595 = -2*z, -3*z = 37*j - 34*j - 13797. Is j prime?
True
Suppose 0 = -3*u - 2*u + 30. Let g(i) = 9*i**2 - 5*i**3 + 4 - 3*i + 8*i**3 - 4*i**3 - 12. Is g(u) a prime number?
False
Let i be ((-14)/4)/(-7)*22. Suppose -2*w - i = -2*k + k, 6 = -2*w. Suppose k*f - 4122 + 667 = 0. Is f prime?
True
Let y(p) = -2*p**2 - 115*p + 91. Let t(i) = 2*i**2 + 116*i - 93. Let n(f) = -6*t(f) - 7*y(f). Is n(48) a composite number?
True
Let c(w) = -11325*w**3 + 10*w**2 - 19*w - 27. Is c(-4) prime?
True
Is -313081*(1 - -3)*(18207/(-252) + 72) prime?
True
Let k = 1749407 + -1104240. Is k a composite number?
True
Suppose -6*s = 52056 - 323094. Suppose -7*q = -28908 - s. Is q composite?
True
Suppose -i - 9746 = a, -4*a + 9*i - 8*i = 39004. Let l = 14171 + a. Is l a composite number?
False
Let h = -229 - -1484. Suppose 0 = 2*s - h - 1073. Suppose -s = 4*c - 8*c. Is c prime?
False
Suppose -21*w = 8*w - 1305. Is 157239/w - (-30)/(-25) a prime number?
False
Suppose -75724 + 216844 = 30*m. Suppose 5*y + 18771 = 4*v, 0*y + y - m = -v. Is v composite?
True
Suppose 15 = o - 4*i, o = 4*o + 2*i + 25. Let r be (-344)/(-4) - (o + 3). Is 22/r - 10326/(-8) prime?
True
Suppose 5*p - 276 = -p. Suppose 49 = s + p. Is (12/s - 14/4)*1478 a prime number?
True
Is 80/(-320) + (-210346)/(-8) a composite number?
False
Suppose q + 98 = 3*m, -q + 101 = 3*m + q. Is (6326/(-6))/((-11)/m) prime?
True
Let n(f) = -295*f - 278. Suppose 0 = -4*m + 3*m + 4*q - 1, m - 3*q + 4 = 0. Is n(m) a prime number?
True
Let u = -5262 + 8467. Suppose -4*r + 2564 = -4*x, -5*r + 3*x + u = 4*x. Is r a prime number?
True
Let c(w) = -32*w - 173. Let b(g) = g**2 + 33*g + 173. Let q(y) = 3*b(y) + 4*c(y). Is q(-24) prime?
True
Suppose -3*y + 6*y = y. Suppose y = c - 59 + 71. Is (c - -10)/(-2 - (-4848)/2427) a prime number?
True
Let r(o) = -o**2 - o + 1409. Suppose 3*b + 80 = 7*b. Let f = 20 - b. Is r(f) a composite number?
False
Let l(k) = 55169*k - 2224. Is l(13) prime?
False
Let x = -14 + -6. Let m be (-907872)/x - (2/(-5) + 1). Suppose -5*u + m = v, -2*u - v = -6*v - 18168. Is u a composite number?
True
Let d be (3934/3)/((-203)/(-21) + -9). Let u = d - 708. Is u a prime number?
True
Suppose -15*u + 19*u = -4820. Suppose -4*z + d = -4483 - 3137, z + 2*d - 1914 = 0. Let g = u + z. Is g composite?
False
Suppose 0 = 15*g + 1380 + 107085. Let q = g + 16908. Is q composite?
False
Suppose 16 = 2*n - 0*n - 3*w, -4 = -2*n - 3*w. Let l(j) = -250*j + 6*j**3 - 9 - 17*j**2 + 109*j + 4*j**2 + 138*j. Is l(n) a prime number?
True
Suppose 1042 - 417 = t. Let p = -229 + t. Let j = p + -262. Is j a composite number?
True
Let f(d) = -d. Let v be f(-8). Let a(h) = 300*h**2 - h + 4 - v*h**2 - 3. Is a(-2) a prime number?
True
Let s = -103 + 8360. Is s composite?
True
Is 2*((-595935)/(-18) + 3) composite?
False
Let x(p) = 13*p + 159. Let r be x(-10). Suppose r*t = 31*t - 1074. Is t composite?
True
Let n(z) = z + 2. Let l be n(-6). Let v(p) = p**3 + 2*p**2 - 7*p + 9. Let g be v(l). Suppose 2*k = g*u + 753 + 606, -4*u + 673 = k. Is k prime?
True
Suppose 0 = 5*l - 25, l = 2*t + 2*l - 9. Let g(k) = 79*k**2 + 4*k - 5. Is g(t) a prime number?
False
Suppose -2475 = -3*d + 8*d. Let s = d - -699. Suppose -u = -s - 469. Is u a prime number?
True
Let x(b) be the first derivative of 12*b**3 + 2*b**2 - 11*b - 430. Let p be (-1)/((-11)/(-5) - 2). Is x(p) a prime number?
False
Let q(b) = -12*b + 303. Let k be q(25). Suppose 4*o - j - 64569 = 0, 80690 = -o + 6*o + k*j. Is o a composite number?
False
Is ((-350886)/(-20) - (-663)/442)/(2/10) a composite number?
True
Suppose 4*s = -y + 799102, -2*y + 851907 = 5*s - 146966. Is s a prime number?
True
Let x = -1652 + 54085. Is x prime?
True
Let c = -17 + 20. Suppose -2*h + 12 = -2*v - 7*h, -c*h - 28 = -4*v. Suppose -v*r + 3*r + 688 = -5*k, -4*r + 4*k = -2736. Is r a prime number?
True
Suppose -9160629 = -79*d + 33*d - 95*d. Is d prime?
True
Suppose -4*x + 71*y = 69*y - 393840, 0 = 3*x + 3*y - 295389. Is x a prime number?
False
Suppose -v = -5*z - 2724, 27*v + 1096 = -2*z + 29*v. Let j = 2547 - z. Is j a composite number?
True
Let f = -744053 + 1191334. Is f composite?
True
Let p be (-2)/(-4)*(-6 + -8 + 14). Suppose p = 343*h - 341*h - 1726. Is h a composite number?
False
Let y(v) = -v**2 + 26*v + 4. Let q be y(26). Suppose q*m - 20674 = -2*d, 4*m + 2*d - 3*d - 20665 = 0. Is m composite?
False
Let t = -71 - -78. Suppose -2*i - 3 = -t. Suppose -2*z + 2715 = 7*q - i*q, 4*q - 2179 = -3*z. Is q composite?
False
Let q be (-4)/20*-2 - 8/20. Suppose q*n = -5*n + 3*y + 4826, -2*n - 4*y = -1946. Is n prime?
True
Let h = 41 + -43. Let l be 1106 + -2*(3/h - -2). Suppose 2*g = 4*p - 2762, 5*g = 5*p + l - 4555. Is p prime?
True
Suppose -12*m + 83336 + 147885 = -49567. Is m a prime number?
True
Let d be 24 + ((-12)/9)/(6/(-9)). Let b = -22 + d. Is 42/28 + (2658/b)/3 a composite number?
False
Let c(a) = 2*a - 16. Let k be c(11). Suppose k*z = 5*z + 4. Is (0 + (-1)/z)/(1/(-1796)) a composite number?
False
Suppose 2*y = -y + 27. Let s(g) = 57*g + 5. Let c(r) = 1. Let v(x) = 3*c(x) + s(x). Is v(y) composite?
False
Suppose 0 = -5*q - 5*x + 1583755, 162*q - 5*x + 633496 = 164*q. Is q composite?
False
Let w = -22367 - -37560. Is (-26)/143 - w/(-11) a prime number?
True
Suppose 851316583 + 383525529 = 512*w. Is w composite?
True
Let p(a) be the second derivative of -a**3/6 + 7*a**2/2 + 4*a. Let v be p(4). Suppose 2*f + 3*n - 2217 = 2455, -v*f + 3*n = -6993. Is f composite?
False
Let t be (-64)/(-48)*-6*1. Let m(k) = -4*k**3 - 11*k**2 - 15*k - 3. Let b(j) = -7*j**3 - 23*j**2 - 29*j - 6. Let o(v) = -3*b(v) + 5*m(v). Is o(t) prime?
False
Suppose 0 = -0*d - d - 1, 0 = 2*z + 3*d - 2359. Suppose o - 2*b = z, -17*b = o - 14*b - 1196. Is o prime?
True
Suppose -33*f - 82*f = -4776985. Is f prime?
True
Let k(o) = 2*o. Let q be k(2). Let t(c) be the first derivative of 4*c**3/3 + 7*c**2/2 - 6*c - 456. Is t(q) composite?
True
Suppose -2*a = -5*m + 117667, 39*m + 4*a - 94128 = 35*m. Is m prime?
False
Let a(j) = -j - 17. Let c be a(-10). Let d(l) = 18*l**2 + 3*l + 18. Let k be d(c). Let x = k - 556. Is x a prime number?
False
Suppose 2*c = 607*h - 603*h - 741884, -2*h = 4*c - 370902. Is h composite?
False
Let q = 387 - 62. Suppose 5*s + 10 = 0, 2*v - 5*s - 92 = -4*s. Suppose -2*p = -q - v. Is p prime?
False
Suppose 4*l - 7*l + 4*t + 680605 = 0, 1134345 = 5*l - 5*t. Is l prime?
True
Let a(f) = -63*f - 4708. Is a(-95) composite?
False
Let x = 35179 + 128290. Is x a prime number?
True
Let v be ((-18)/(-4))/(48/64). Suppose 0 = 26*m - 28*m + 950. Suppose -v*f + m = -f. Is f prime?
False
Is (4 + -4 + 371779)*1 a composite number?
False
Let x be ((-5)/(-2))/(9/10674). Suppose -3*t = 4*c - 1227 - 552, -5*t + c = -x. Is t a composite number?
False
Let p = 7 - 1. Suppose 43*a = -58*a + 14*a - 17400. Is (a/p + -2)/((-6)/9) a prime number?
True
Let z(y) = -y**3 - 6*y**2 + 31*y + 25. Suppose -4*l + 2*l - 34 = 0. Let u be z(l). Let w = 3759 - u. Is w composite?
True
Let c = 26942 + -15487. Suppose -10455 + 1291 = -4*w - 3*i, 3*i - c = -5*w. Is w a prime number?
False
Let i(c) = 874*c**3 - c**2 + 11*c - 15. Let q = 655 + -653. Is i(q) a prime number?
False
Let j(d) = d + 10. Let z be j(7). Suppose 0 = 5*x + 3 + z. Is (-1370)/x*14/7 composite?
True
Suppose -4*c - 3*b = b + 16, -c - 2*b - 9 = 0. Let t be 